= m**2 - 75*m - 418. Determine k(65).
-1068
Let y(r) = -5*r**3 + 1196*r**2 + 958*r + 592. What is y(240)?
112
Let c(t) = 26186*t + 1309306. What is c(-50)?
6
Let h(n) = -n**3 - 1115*n**2 - 187956*n - 27. Calculate h(-207).
-27
Let l(f) = f**2 - 378*f + 25777. Calculate l(89).
56
Let y(j) = 1581*j**2 - 9458*j - 40. Calculate y(6).
128
Let f(z) = 487*z + 46027. What is f(-95)?
-238
Let f(l) = -12514*l - 37352. What is f(-3)?
190
Let j(o) = 562*o - 3489. Calculate j(6).
-117
Let k(b) = 2*b**3 - b**2 + 2457*b - 4909. Give k(2).
17
Let n(h) = -h**2 - 1106*h + 166145. Calculate n(134).
-15
Let k(x) = 1471*x**2 + 8783*x - 292. Calculate k(-6).
-34
Let a(s) = -120*s**2 + 965*s - 43. What is a(8)?
-3
Let c(g) = -373364*g - 3733636. Calculate c(-10).
4
Let x(i) = 15722*i**2 + 204392*i + 74. Determine x(-13).
-4
Let j(a) = 115*a**3 - 2*a**2 - 171*a + 171. What is j(1)?
113
Let r(z) = -z**2 + 2615*z + 34222. Give r(-13).
58
Let k(p) = -p**2 + 105*p - 704. Determine k(7).
-18
Let p(f) = -23*f**3 - 11*f**2 - 12*f + 13. Calculate p(3).
-743
Let c(v) = -v**3 + 2*v**2 + 14092*v - 126270. What is c(9)?
-9
Let k(u) = 90*u**3 + 25*u**2 - 52. Calculate k(2).
768
Let h(x) = -9884*x - 19798. Calculate h(-2).
-30
Let u(t) = -273*t**2 - 5453*t - 27. What is u(-20)?
-167
Let f(s) = 1546*s + 879701. What is f(-569)?
27
Let y(a) = -a**3 + 14*a**2 - 1072*a + 13756. Give y(13).
-11
Let h(a) = 507*a**3 + a**2 + 49*a - 49. Determine h(1).
508
Let v(j) = -j**2 + 6090*j - 290021. Give v(48).
-5
Let s(l) = 19*l**2 + 762*l - 5102. Determine s(-46).
50
Let a(u) = 91*u - 6524. Calculate a(69).
-245
Let q(t) = -227*t**2 - 3196*t - 258. What is q(-14)?
-6
Let h(i) = 37614*i - 451366. Calculate h(12).
2
Let u(r) = -r**2 - 6047*r - 24185. Determine u(-4).
-13
Let r(c) = -c**2 - 154004*c - 3233655. Determine r(-21).
-12
Let r(t) = -2025*t - 40543. Determine r(-20).
-43
Let y(q) = 3*q**3 - 3206*q**2 - 6420*q - 25. Calculate y(-2).
-33
Let i(s) = -308*s**2 + 1560*s - 31. Calculate i(5).
69
Let c(i) = -10753*i - 75199. Determine c(-7).
72
Let y(w) = 74489*w - 372456. Determine y(5).
-11
Let s(q) = -3*q**2 + 315*q - 5942. Determine s(21).
-650
Let x(i) = -2*i**3 - 151*i**2 - 881*i + 525. Calculate x(-7).
-21
Let w(d) = 30*d**2 - 225*d + 112. Calculate w(11).
1267
Let g(h) = 1943*h + 625367. Give g(-322).
-279
Let q(j) = -15712*j - 3503784. Determine q(-223).
-8
Let n(c) = 83*c**2 - 224*c - 62. What is n(3)?
13
Let h(b) = 1061*b - 7436. Give h(7).
-9
Let c(p) = 44524*p + 12021478. Calculate c(-270).
-2
Let p(y) = -2*y**2 + 241*y - 7335. Calculate p(62).
-81
Let i(p) = -13*p**3 + 212*p**2 - 578*p. Calculate i(11).
1991
Let m(v) = -21*v - 1964. What is m(-96)?
52
Let l(f) = 215*f**2 + 222*f + 465. Calculate l(-2).
881
Let c(y) = -5*y**3 - 938*y**2 - 581*y - 3801. Determine c(-187).
-61
Let b(g) = -35*g - 4687. Determine b(-120).
-487
Let q(r) = -265*r + 33327. Determine q(128).
-593
Let r(q) = 47382*q + 568563. Determine r(-12).
-21
Let r(h) = 40207*h - 7800147. What is r(194)?
11
Let z(l) = 128*l**2 + 196*l - 12. Give z(-3).
552
Let i(n) = -n**2 - 183*n + 33048. Determine i(-295).
8
Let d(a) = -a**3 - 8*a**2 + 568*a + 2395. Give d(22).
371
Let u(y) = -2*y**2 - 196*y - 1524. What is u(-8)?
-84
Let z(f) = f**2 - 368*f + 19237. What is z(63)?
22
Let b(x) = -5703*x + 39153. What is b(7)?
-768
Let t(f) = -8291*f + 157529. What is t(19)?
0
Let s(b) = -b**3 - 80*b**2 - 512*b - 29. Determine s(-7).
-22
Let m(c) = c**3 + 115*c**2 + 298*c - 4137. Determine m(-112).
119
Let b(f) = 5*f**2 + 2681*f - 29524. Give b(-547).
14
Let i(q) = q**2 + 169*q - 9631. Calculate i(-214).
-1
Let h(u) = -12*u**3 + 35*u**2 - 70*u + 71. Calculate h(2).
-25
Let v(n) = -n**2 + 71*n + 53110. What is v(-198)?
-152
Let d(c) = 426*c**2 - 35355*c - 282. What is d(83)?
-33
Let s(c) = -c**3 + 111*c + 1190. What is s(-9)?
920
Let o(m) = m**2 - 23*m - 224. Determine o(-12).
196
Let q(k) = 1976*k - 137533. What is q(70)?
787
Let b(f) = -f**3 - 10*f**2 - 77*f - 1225. Determine b(-12).
-13
Let m(o) = 774*o**2 - 19322*o - 315. Calculate m(25).
385
Let i(w) = 6*w**2 + 431*w - 228. Calculate i(-74).
734
Let d(j) = -2277*j + 61370. Calculate d(27).
-109
Let b(j) = -j**3 + 62*j**2 - 85*j - 1762. Determine b(60).
338
Let o(z) = -9423*z + 28237. Give o(3).
-32
Let h(j) = 30*j**2 + 521*j - 525. Give h(1).
26
Let h(b) = 825*b**2 - 176551*b + 241. Calculate h(214).
27
Let u(y) = 3*y**3 - 4*y**2 - 1056*y - 1053. Calculate u(-1).
-4
Let f(g) = -17*g**3 + 749*g**2 - 744*g + 1. Determine f(1).
-11
Let y(z) = z**3 - 43*z**2 + 2220*z - 99619. Give y(44).
-3
Let i(l) = 81*l - 1454. Calculate i(23).
409
Let n(y) = -5*y**2 - 35*y + 496. What is n(10)?
-354
Let l(f) = -f**3 + 98*f**2 - 363*f - 1326. What is l(94)?
-104
Let r(y) = -14*y**2 + 1163*y - 3494. What is r(3)?
-131
Let h(p) = -1025*p**2 - 60*p - 13. Calculate h(-1).
-978
Let w(b) = 3394*b - 112050. Give w(33).
-48
Let x(g) = 15*g**2 + 2091*g + 6969. Calculate x(-136).
33
Let q(z) = -40*z**2 - 2024*z + 31. Give q(-50).
1231
Let u(s) = 2*s**2 - 76*s + 685. What is u(30)?
205
Let h(w) = -16550*w - 769. What is h(0)?
-769
Let j(m) = 157*m**2 - 3304*m + 197. Calculate j(21).
50
Let a(n) = -n**3 - 34*n**2 - 8*n + 867. Calculate a(-33).
42
Let v(p) = p**2 + 844*p + 136016. What is v(-217)?
-43
Let r(h) = -h**3 - 27*h**2 - 13344*h - 360209. What is r(-27)?
79
Let x(o) = 3*o**3 - o**2 + 88*o - 345. Determine x(4).
183
Let z(o) = 47*o - 7395. Give z(158).
31
Let t(a) = -12*a**3 - 16*a**2 + 622*a + 636. Determine t(-1).
10
Let z(p) = -42100*p - 18229300. Determine z(-433).
0
Let k(d) = 2*d**3 - 117*d**2 - 342*d - 23170. What is k(64)?
-2
Let c(i) = -51187*i + 2303399. Calculate c(45).
-16
Let t(l) = -8147*l + 113493. Calculate t(14).
-565
Let s(t) = 2*t**2 - 4039*t - 24209. What is s(-6)?
97
Let k(h) = -26*h**2 - 438*h - 2698. Determine k(-6).
-1006
Let v(i) = -i**3 - 89*i**2 + 15851*i - 769. What is v(89)?
32
Let u(n) = -6*n**3 - 4*n**2 - 57*n - 371. What is u(-6)?
1123
Let a(x) = -2*x**2 + 1490*x - 126806. Give a(98).
6
Let z(g) = 7575*g**2 + 287848*g - 81. Give z(-38).
-5
Let o(c) = c**2 - 9474*c + 66262. Give o(7).
-7
Let u(z) = z**3 + 161*z**2 - 489*z. Calculate u(3).
9
Let y(n) = -944*n**2 + 1852*n + 117. Give y(2).
45
Let c(j) = j**2 + 10036*j - 4369774. Calculate c(418).
-2
Let n(r) = -r**3 - 35*r**2 - 86*r - 1114. Give n(-32).
-1434
Let c(n) = -129*n + 3100. Determine c(24).
4
Let y(t) = -12710*t - 63467. Give y(-5).
83
Let m(t) = -25*t**2 - 1722*t - 4776. What is m(-66)?
-24
Let h(m) = 4*m**2 + 81*m - 11. Calculate h(0).
-11
Let v(m) = m**2 + 2768*m + 901374. Determine v(-377).
-33
Let a(s) = -33*s**2 + 649*s - 1307. Determine a(2).
-141
Let t(d) = 654*d + 102825. What is t(-157)?
147
Let d(i) = i**3 - 248*i**2 - 1534*i + 2347. What is d(254)?
-193
Let l(y) = -y**3 - 451*y**2 + 151198*y + 449. Give l(224).
1
Let j(m) = 97737*m - 781901. What is j(8)?
-5
Let c(o) = -6*o**3 + 553*o**2 + 27480*o + 5118. Give c(128).
-2
Let k(i) = -379*i + 17860. Calculate k(45).
805
Let u(r) = -r**3 - 34*r**2 + 245*r + 4. Determine u(6).
34
Let t(l) = -70931*l - 70932. Determine t(-1).
-1
Let d(l) = 506*l - 2539. Calculate d(5).
-9
Let t(z) = z**3 + 30*z**2 + 527*z + 17300. Give t(-31).
2
Let t(h) = h**3 - 75*h**2 + 94*h - 1829. What is t(74)?
-349
Let g(s) = -4*s**3 + 77*s**2 - 239*s + 4406. What is g(19)?
226
Let a(z) = -10637*z + 2255025. Determine a(212).
-19
Let j(c) = -c**3 - 531*c**2 + 1582*c + 34. Determine j(3).
-26
Let z(d) = -d**3 + 368*d**2 + 728*d - 1. Calculate z(-2).
23
Let t(q) = -13*q**3 + 52*q**2 + 290*q + 21. What is t(-6)?
2961
Let b(s) = -70*s - 19132. Calculate b(-273).
-22
Let n(w) = -w**3 - 78*w**2 - 215*w + 8175. Determine n(-13).
-15
Let n(t) = -t**2 - 53773*t + 3553352. Give n(66).
-22
Let k(b) = -3*b**2 - 612*b - 12493. What is k(-181)?
-4
Let d(x) = -2*x**2 - 112554*x - 337657. What is d(-3)?
-13
Let h(m) = 168*m + 443. What is h(-1)?
275
Let b(x) = x**2 + 1583*x + 95764. What is b(-63)?
4
Let d(m) = m**2 + 74444*m - 6111134. Calculate d(82).
-2
Let u(f) = -f**3 - 52*f**2 - 290*f - 63. What is u(-5)?
212
Let p(i) = 2*i**3 - 2*i**2 + 10867*i + 32677. What is p(-3)?
4
Let a(w) = -2649*w - 2527113. Determine a(-954).
33
Let w(g) = 2*g**2 + 38*g - 532. Calculate w(22).
1272
Let b(i) = 23